{"id":2295,"date":"2021-12-30T10:16:46","date_gmt":"2021-12-30T09:16:46","guid":{"rendered":"https:\/\/zwienenberg-n28.sitepilot.cloud\/product\/pavo-koerner-komplett-pro\/"},"modified":"2025-06-13T11:06:50","modified_gmt":"2025-06-13T09:06:50","slug":"pavo-koerner-komplett-pro","status":"publish","type":"product","link":"https:\/\/zwienenberg-n28.sitepilot.cloud\/de\/product\/pavo-koerner-komplett-pro\/","title":{"rendered":"Pavo Getreide Komplett PRO"},"content":{"rendered":"<p><span data-sheets-value=\"{\"1\":2,\"2\":\"Pavo Granen Compleet PRO is een volledig gevitamineerd granenmix. Op veel stallen bestaat de wens om haver te voeren, echter bevat haver van nature zeer weinig vitamines en spoorelementen. Om te voorzien in de behoefte van het paard, is Pavo Granen Compleet verrijkt met een vitamine- mineralen brokje, waardoor het product een vergelijkbare vitaminering heeft als normaal sportvoer. Daarnaast bevat het brokje bevat lijnzaad (extrudeerd) en lijnzaadolie voor een mooie glans. De granenmix bestaat uit 4 verschillende granen, namelijk: gepunte blanke haver, gepunte zwarte haver, gerst en gepofte mais.\"}\" data-sheets-userformat=\"{\"2\":13185,\"3\":{\"1\":0},\"10\":0,\"11\":4,\"12\":0,\"15\":\"Poppins\",\"16\":10}\">Pavo Getreide Complete PRO ist eine vollst\u00e4ndig vitaminisierte Getreidemischung. In vielen St\u00e4llen besteht der Wunsch, Hafer zu f\u00fcttern, aber Hafer enth\u00e4lt von Natur aus nur sehr wenige Vitamine und Spurenelemente. Um den Bed\u00fcrfnissen des Pferdes gerecht zu werden, wurde Pavo Getreide Complete Pro mit einem Vitamin-Mineral-Pellet angereichert, wodurch das Produkt einen \u00e4hnlichen Vitamingehalt wie normales Sportfutter aufweist. Au\u00dferdem enth\u00e4lt das Futter Leinsamen (extrudiert) und Leinsamen\u00f6l f\u00fcr einen sch\u00f6nen Glanz. Die Getreidemischung besteht aus 4 verschiedenen K\u00f6rnern, n\u00e4mlich: wei\u00dfer Hafer, schwarzer Hafer, Gerste und Puffmais.<\/span><\/p>\n<p><strong>Wesentliche Merkmale<\/strong><\/p>\n<p><span data-sheets-value=\"{\"1\":2,\"2\":\"\u2022 Granenmix voor paarden\\n\u2022 Zeer hoog aandeel blanke en zwarte haver\\n\u2022 Compleet gevitaminiseerd zoals normaal paardenvoer\\n\u2022 Met lijnzaad en lijnzaadolie voor extra glans\\n\u2022 Geeft paarden extra energie\\n\"}\" data-sheets-userformat=\"{\"2\":13185,\"3\":{\"1\":0},\"10\":0,\"11\":4,\"12\":0,\"15\":\"Poppins\",\"16\":10}\">&#8211; Getreidemischung f\u00fcr Pferde<br \/>\n&#8211; Sehr hoher Anteil an wei\u00dfem und schwarzem Hafer<br \/>\n&#8211; Vollst\u00e4ndig vitaminisiert wie normales Pferdefutter<br \/>\n&#8211; Mit Leinsamen und Leinsamen\u00f6l f\u00fcr zus\u00e4tzlichen Glanz<br \/>\n&#8211; Gibt Pferden zus\u00e4tzliche Energie<br \/>\n<\/span><\/p>\n<p><strong>Anwendung<\/strong><\/p>\n<p><span data-sheets-value=\"{\"1\":2,\"2\":\"Voor bedrijven die graag haver bij willen voeren\"}\" data-sheets-userformat=\"{\"2\":13185,\"3\":{\"1\":0},\"10\":0,\"11\":4,\"12\":0,\"15\":\"Poppins\",\"16\":10}\">&#8211; F\u00fcr Betriebe, die Hafer erg\u00e4nzen m\u00f6chten<\/span><\/p>\n<p><strong>F\u00fctterungshinweise<\/strong><\/p>\n<p><span data-sheets-value=\"{\"1\":2,\"2\":\"Het voeradvies hangt sterk af van de beschikbaarheid en kwaliteit van het ruwvoer.\"}\" data-sheets-userformat=\"{\"2\":13185,\"3\":{\"1\":0},\"10\":0,\"11\":4,\"12\":0,\"15\":\"Poppins\",\"16\":10}\">Die F\u00fctterungsempfehlung h\u00e4ngt stark von der Verf\u00fcgbarkeit und Qualit\u00e4t des Raufutters ab.<\/span><\/p>\n<p><strong>Ratschl\u00e4ge zur Lagerung<\/strong><\/p>\n<p><span data-sheets-value=\"{\"1\":2,\"2\":\"Droog en donker bewaren, maximale houdbaarheid 3 maanden. Denk met name aan omloopsnelheid in de zomermaanden (april \u2013 september).\"}\" data-sheets-userformat=\"{\"2\":13185,\"3\":{\"1\":0},\"10\":0,\"11\":4,\"12\":0,\"15\":\"Poppins\",\"16\":10}\">Trocken und dunkel lagern, maximal 3 Monate haltbar. Beachten Sie insbesondere den Umsatz w\u00e4hrend der Sommermonate (April &#8211; September). <\/span><\/p>\n","protected":false},"excerpt":{"rendered":"<p><strong>Vitaminreiche Getreidemischung<\/strong><\/p>\n","protected":false},"featured_media":2163,"template":"","meta":{"inline_featured_image":false,"site-sidebar-layout":"default","site-content-layout":"default","ast-global-header-display":"","ast-main-header-display":"","ast-hfb-above-header-display":"","ast-hfb-below-header-display":"","ast-hfb-mobile-header-display":"","site-post-title":"","ast-breadcrumbs-content":"","ast-featured-img":"","footer-sml-layout":"","theme-transparent-header-meta":"default","adv-header-id-meta":"","stick-header-meta":"","header-above-stick-meta":"","header-main-stick-meta":"","header-below-stick-meta":""},"product_brand":[],"product_cat":[58],"product_tag":[],"class_list":{"0":"post-2295","1":"product","2":"type-product","3":"status-publish","4":"has-post-thumbnail","6":"product_cat-sport-de-2","7":"pa_hoeveelheid-47","8":"pa_hoeveelheid-48","9":"pa_hoeveelheid-49","10":"pa_hoeveelheid-50","11":"pa_hoeveelheid-51","12":"pa_silo-nummer-52","13":"pa_silo-nummer-53","14":"pa_silo-nummer-54","15":"pa_silo-nummer-55","16":"wcpa_has_options","18":"first","19":"instock","20":"shipping-taxable","21":"purchasable","22":"product-type-variable"},"_links":{"self":[{"href":"https:\/\/zwienenberg-n28.sitepilot.cloud\/de\/wp-json\/wp\/v2\/product\/2295","targetHints":{"allow":["GET"]}}],"collection":[{"href":"https:\/\/zwienenberg-n28.sitepilot.cloud\/de\/wp-json\/wp\/v2\/product"}],"about":[{"href":"https:\/\/zwienenberg-n28.sitepilot.cloud\/de\/wp-json\/wp\/v2\/types\/product"}],"wp:featuredmedia":[{"embeddable":true,"href":"https:\/\/zwienenberg-n28.sitepilot.cloud\/de\/wp-json\/wp\/v2\/media\/2163"}],"wp:attachment":[{"href":"https:\/\/zwienenberg-n28.sitepilot.cloud\/de\/wp-json\/wp\/v2\/media?parent=2295"}],"wp:term":[{"taxonomy":"product_brand","embeddable":true,"href":"https:\/\/zwienenberg-n28.sitepilot.cloud\/de\/wp-json\/wp\/v2\/product_brand?post=2295"},{"taxonomy":"product_cat","embeddable":true,"href":"https:\/\/zwienenberg-n28.sitepilot.cloud\/de\/wp-json\/wp\/v2\/product_cat?post=2295"},{"taxonomy":"product_tag","embeddable":true,"href":"https:\/\/zwienenberg-n28.sitepilot.cloud\/de\/wp-json\/wp\/v2\/product_tag?post=2295"}],"curies":[{"name":"wp","href":"https:\/\/api.w.org\/{rel}","templated":true}]}}

<p><span data-sheets-value="{"1":2,"2":"Pavo Granen Compleet PRO is een volledig gevitamineerd granenmix. Op veel stallen bestaat de wens om haver te voeren, echter bevat haver van nature zeer weinig vitamines en spoorelementen. Om te voorzien in de behoefte van het paard, is Pavo Granen Compleet verrijkt met een vitamine- mineralen brokje, waardoor het product een vergelijkbare vitaminering heeft als normaal sportvoer. Daarnaast bevat het brokje bevat lijnzaad (extrudeerd) en lijnzaadolie voor een mooie glans. De granenmix bestaat uit 4 verschillende granen, namelijk: gepunte blanke haver, gepunte zwarte haver, gerst en gepofte mais."}" data-sheets-userformat="{"2":13185,"3":{"1":0},"10":0,"11":4,"12":0,"15":"Poppins","16":10}">Pavo Getreide Complete PRO ist eine vollständig vitaminisierte Getreidemischung. In vielen Ställen besteht der Wunsch, Hafer zu füttern, aber Hafer enthält von Natur aus nur sehr wenige Vitamine und Spurenelemente. Um den Bedürfnissen des Pferdes gerecht zu werden, wurde Pavo Getreide Complete Pro mit einem Vitamin-Mineral-Pellet angereichert, wodurch das Produkt einen ähnlichen Vitamingehalt wie normales Sportfutter aufweist. Außerdem enthält das Futter Leinsamen (extrudiert) und Leinsamenöl für einen schönen Glanz. Die Getreidemischung besteht aus 4 verschiedenen Körnern, nämlich: weißer Hafer, schwarzer Hafer, Gerste und Puffmais.</span></p>
<p><strong>Wesentliche Merkmale</strong></p>
<p><span data-sheets-value="{"1":2,"2":"• Granenmix voor paarden\n• Zeer hoog aandeel blanke en zwarte haver\n• Compleet gevitaminiseerd zoals normaal paardenvoer\n• Met lijnzaad en lijnzaadolie voor extra glans\n• Geeft paarden extra energie\n"}" data-sheets-userformat="{"2":13185,"3":{"1":0},"10":0,"11":4,"12":0,"15":"Poppins","16":10}">&#8211; Getreidemischung für Pferde<br />
&#8211; Sehr hoher Anteil an weißem und schwarzem Hafer<br />
&#8211; Vollständig vitaminisiert wie normales Pferdefutter<br />
&#8211; Mit Leinsamen und Leinsamenöl für zusätzlichen Glanz<br />
&#8211; Gibt Pferden zusätzliche Energie<br />
</span></p>
<p><strong>Anwendung</strong></p>
<p><span data-sheets-value="{"1":2,"2":"Voor bedrijven die graag haver bij willen voeren"}" data-sheets-userformat="{"2":13185,"3":{"1":0},"10":0,"11":4,"12":0,"15":"Poppins","16":10}">&#8211; Für Betriebe, die Hafer ergänzen möchten</span></p>
<p><strong>Fütterungshinweise</strong></p>
<p><span data-sheets-value="{"1":2,"2":"Het voeradvies hangt sterk af van de beschikbaarheid en kwaliteit van het ruwvoer."}" data-sheets-userformat="{"2":13185,"3":{"1":0},"10":0,"11":4,"12":0,"15":"Poppins","16":10}">Die Fütterungsempfehlung hängt stark von der Verfügbarkeit und Qualität des Raufutters ab.</span></p>
<p><strong>Ratschläge zur Lagerung</strong></p>
<p><span data-sheets-value="{"1":2,"2":"Droog en donker bewaren, maximale houdbaarheid 3 maanden. Denk met name aan omloopsnelheid in de zomermaanden (april – september)."}" data-sheets-userformat="{"2":13185,"3":{"1":0},"10":0,"11":4,"12":0,"15":"Poppins","16":10}">Trocken und dunkel lagern, maximal 3 Monate haltbar. Beachten Sie insbesondere den Umsatz während der Sommermonate (April &#8211; September). </span></p>
